7
List the prime factors of 3720523.
19, 195817
List the prime factors of 4127775.
3, 5, 47, 1171
What are the prime factors of 222883?
222883
List the prime factors of 2922396.
2, 3, 243533
List the prime factors of 458532.
2, 3, 47, 271
List the prime factors of 3160126.
2, 281, 5623
What are the prime factors of 3391571?
397, 8543
What are the prime factors of 526793?
43, 12251
List the prime factors of 987294.
2, 3, 7, 11, 2137
List the prime factors of 732662.
2, 7, 59, 887
What are the prime factors of 327336?
2, 3, 23, 593
List the prime factors of 242986.
2, 121493
What are the prime factors of 60438?
2, 3, 7, 1439
List the prime factors of 4452561.
3, 31, 15959
What are the prime factors of 2689300?
2, 5, 26893
What are the prime factors of 92944?
2, 37, 157
What are the prime factors of 4909370?
2, 5, 490937
What are the prime factors of 307637?
11, 27967
List the prime factors of 140520.
2, 3, 5, 1171
What are the prime factors of 46298?
2, 7, 3307
List the prime factors of 5051248.
2, 315703
What are the prime factors of 438698?
2, 13, 47, 359
What are the prime factors of 6418830?
2, 3, 5, 11, 53, 367
List the prime factors of 8899024.
2, 17, 32717
List the prime factors of 4029376.
2, 13, 29, 167
List the prime factors of 11433365.
5, 433, 5281
What are the prime factors of 1463256?
2, 3, 20323
What are the prime factors of 163201?
293, 557
What are the prime factors of 1624714?
2, 7, 13, 79, 113
What are the prime factors of 27316?
2, 6829
What are the prime factors of 27699?
3, 7, 1319
What are the prime factors of 1765955?
5, 19, 29, 641
List the prime factors of 12750543.
3, 13, 83, 101
List the prime factors of 12842258.
2, 11, 13, 83, 541
List the prime factors of 18736837.
7, 37, 73, 991
What are the prime factors of 3605055?
3, 5, 149, 1613
List the prime factors of 10618728.
2, 3, 442447
What are the prime factors of 1045698?
2, 3, 397, 439
List the prime factors of 291161.
13, 22397
What are the prime factors of 600510?
2, 3, 5, 37, 541
List the prime factors of 8545005.
3, 5, 7, 27127
List the prime factors of 63284.
2, 13, 1217
What are the prime factors of 419463?
3, 11, 19, 223
List the prime factors of 20409029.
523, 39023
List the prime factors of 39430260.
2, 3, 5, 73019
What are the prime factors of 767456?
2, 29, 827
What are the prime factors of 2829731?
131, 21601
List the prime factors of 317775.
3, 5, 19, 223
List the prime factors of 149288.
2, 18661
What are the prime factors of 1772898?
2, 3, 193, 1531
What are the prime factors of 238533?
3, 23, 3457
List the prime factors of 460155.
3, 5, 30677
What are the prime factors of 828639?
3, 7, 1879
What are the prime factors of 4758768?
2, 3, 7, 4721
List the prime factors of 9070034.
2, 4535017
List the prime factors of 272469.
3, 90823
List the prime factors of 77979.
3, 11, 17, 139
List the prime factors of 5071254.
2, 3, 845209
List the prime factors of 147174.
2, 3, 19, 1291
List the prime factors of 49918.
2, 11, 2269
List the prime factors of 1602837.
3, 178093
List the prime factors of 10031536.
2, 383, 1637
List the prime factors of 5648335.
5, 7, 11, 17, 863
List the prime factors of 215263.
167, 1289
What are the prime factors of 449396?
2, 112349
What are the prime factors of 5313?
3, 7, 11, 23
What are the prime factors of 274662?
2, 3, 15259
What are the prime factors of 20749810?
2, 5, 2074981
List the prime factors of 720094.
2, 37, 263
List the prime factors of 606813.
3, 83, 2437
List the prime factors of 6817733.
13, 467, 1123
List the prime factors of 3633624.
2, 3, 109, 463
List the prime factors of 273541.
37, 7393
List the prime factors of 2761837.
13, 17, 12497
What are the prime factors of 49251?
3, 16417
List the prime factors of 364970.
2, 5, 36497
List the prime factors of 23444896.
2, 732653
List the prime factors of 192707.
107, 1801
What are the prime factors of 40658?
2, 29, 701
What are the prime factors of 5939576?
2, 71, 10457
List the prime factors of 100982.
2, 7, 7213
What are the prime factors of 33327?
3, 7, 23
What are the prime factors of 19438707?
3, 6479569
List the prime factors of 80961.
3, 26987
List the prime factors of 4668648.
2, 3, 194527
List the prime factors of 1638637.
7, 11, 13, 1637
What are the prime factors of 23002222?
2, 11501111
What are the prime factors of 276370?
2, 5, 29, 953
What are the prime factors of 2056870?
2, 5, 71, 2897
What are the prime factors of 103752?
2, 3, 11, 131
What are the prime factors of 15236558?
2, 379, 20101
What are the prime factors of 1162052?
2, 17, 23, 743
What are the prime factors of 20961229?
29, 347, 2083
What are the prime factors of 13172575?
5, 13, 40531
List the prime factors of 1678345.
5, 335669
List the prime factors of 51177.
3, 7, 2437
List the prime factors of 2447292.
2, 3, 23, 8867
List the prime factors of 14490.
2, 3, 5, 7, 23
What are the prime factors of 14738226?
2, 3, 2456371
List the prime factors of 501386.
2, 250693
What are the prime factors of 11162588?
2, 2790647
List the prime factors of 16114826.
2, 7, 13, 139
List the prime factors of 591080.
2, 5, 7, 2111
List the prime factors of 401947.
7, 13, 631
What are the prime factors of 18096461?
18096461
List the prime factors of 36148833.
3, 7, 573791
List the prime factors of 782604.
2, 3, 21739
List the prime factors of 186939.
3, 20771
What are the prime factors of 3922025?
5, 59, 2659
What are the prime factors of 7273264?
2, 454579
What are the prime factors of 18580529?
11, 467, 3617
What are the prime factors of 161444?
2, 40361
List the prime factors of 5908570.
2, 5, 349, 1693
What are the prime factors of 73858?
2, 36929
What are the prime factors of 1399506?
2, 3, 233251
What are the prime factors of 35604?
2, 3, 23, 43
List the prime factors of 1726860.
2, 3, 5, 17, 1693
What are the prime factors of 4263238?
2, 7, 304517
List the prime factors of 485993.
485993
What are the prime factors of 1526924?
2, 7, 23, 2371
What are the prime factors of 461996?
2, 115499
List the prime factors of 3105401.
13, 238877
List the prime factors of 242194.
2, 83, 1459
What are the prime factors of 119551?
119551
List the prime factors of 25336051.
13, 1948927
What are the prime factors of 2341578?
2, 3, 390263
What are the prime factors of 4669310?
2, 5, 229, 2039
List the prime factors of 95750.
2, 5, 383
List the prime factors of 240560.
2, 5, 31, 97
What are the prime factors of 139065?
3, 5, 73, 127
List the prime factors of 174922.
2, 11, 7951
What are the prime factors of 70515?
3, 5, 1567
List the prime factors of 3142955.
5, 628591
What are the prime factors of 361107?
3, 40123
What are the prime factors of 140761?
140761
What are the prime factors of 2919190?
2, 5, 67, 4357
What are the prime factors of 21070578?
2, 3, 3511763
What are the prime factors of 2159943?
3, 719981
What are the prime factors of 17954?
2, 47, 191
What are the prime factors of 3881600?
2, 5, 1213
What are the prime factors of 9551714?
2, 547, 8731
List the prime factors of 152292.
2, 3, 7, 37
List the prime factors of 239488.
2, 1871
List the prime factors of 161043.
3, 53681
List the prime factors of 5483601.
3, 609289
What are the prime factors of 188668?
2, 101, 467
List the prime factors of 1267779.
3, 109, 3877
What are the prime factors of 19209900?
2, 3, 5, 64033
What are the prime factors of 1968213?
3, 13, 109, 463
What are the prime factors of 3671571?
3, 1223857
What are the prime factors of 780910?
2, 5, 13, 6007
List the prime factors of 10536619.
907, 11617
List the prime factors of 595741.
595741
List the prime factors of 789129.
3, 11, 2657
List the prime factors of 216194.
2, 11, 31, 317
What are the prime factors of 2063475?
3, 5, 1019
What are the prime factors of 624764?
2, 7, 53, 421
List the prime factors of 4909703.
347, 14149
List the prime factors of 6627299.
7, 211, 641
List the prime factors of 246846.
2, 3, 41141
What are the prime factors of 5880979?
13, 31, 14593
What are the prime factors of 11639006?
2, 5819503
List the prime factors of 1896702.
2, 3, 347, 911
What are the prime factors of 49120?
2, 5, 307
List the prime factors of 3782819.
3782819
What are the prime factors of 577247?
11, 97, 541
What are the prime factors of 6503269?
6503269
List the prime factors of 269